{"id":1368,"date":"2025-02-07T12:32:47","date_gmt":"2025-02-07T11:32:47","guid":{"rendered":"https:\/\/www.hydrosolutions13.fr\/?page_id=1368"},"modified":"2025-04-01T10:50:39","modified_gmt":"2025-04-01T08:50:39","slug":"couverture","status":"publish","type":"page","link":"https:\/\/www.hydrosolutions13.fr\/index.php\/couverture\/","title":{"rendered":"Couverture"},"content":{"rendered":"\t\t<div data-elementor-type=\"wp-page\" data-elementor-id=\"1368\" class=\"elementor elementor-1368\">\n\t\t\t\t<div class=\"elementor-element elementor-element-3eb1e5d0 e-flex e-con-boxed e-con e-parent\" data-id=\"3eb1e5d0\" data-element_type=\"container\">\n\t\t\t\t\t<div class=\"e-con-inner\">\n\t\t\t\t<div class=\"elementor-element elementor-element-bd68bb4 elementor-widget elementor-widget-spacer\" data-id=\"bd68bb4\" data-element_type=\"widget\" data-widget_type=\"spacer.default\">\n\t\t\t\t<div class=\"elementor-widget-container\">\n\t\t\t\t\t\t\t<div class=\"elementor-spacer\">\n\t\t\t<div class=\"elementor-spacer-inner\"><\/div>\n\t\t<\/div>\n\t\t\t\t\t\t<\/div>\n\t\t\t\t<\/div>\n\t\t<div class=\"elementor-element elementor-element-e5ae90f e-flex e-con-boxed e-con e-child\" data-id=\"e5ae90f\" data-element_type=\"container\" data-settings=\"{&quot;background_background&quot;:&quot;classic&quot;}\">\n\t\t\t\t\t<div class=\"e-con-inner\">\n\t\t\t\t<div class=\"elementor-element elementor-element-3a79e63 elementor-hidden-mobile elementor-invisible elementor-widget elementor-widget-heading\" data-id=\"3a79e63\" data-element_type=\"widget\" data-settings=\"{&quot;_animation&quot;:&quot;fadeInDown&quot;}\" data-widget_type=\"heading.default\">\n\t\t\t\t<div class=\"elementor-widget-container\">\n\t\t\t\t\t<h2 class=\"elementor-heading-title elementor-size-default\">Nos prestations en COUVERTURE<\/h2>\t\t\t\t<\/div>\n\t\t\t\t<\/div>\n\t\t\t\t<div class=\"elementor-element elementor-element-67e81fd elementor-widget elementor-widget-heading\" data-id=\"67e81fd\" data-element_type=\"widget\" data-widget_type=\"heading.default\">\n\t\t\t\t<div class=\"elementor-widget-container\">\n\t\t\t\t\t<h4 class=\"elementor-heading-title elementor-size-default\">Des solutions compl\u00e8tes pour votre toiture et votre isolation<\/h4>\t\t\t\t<\/div>\n\t\t\t\t<\/div>\n\t\t\t\t<div class=\"elementor-element elementor-element-d3a6e91 elementor-hidden-desktop elementor-hidden-tablet elementor-widget elementor-widget-heading\" data-id=\"d3a6e91\" data-element_type=\"widget\" data-widget_type=\"heading.default\">\n\t\t\t\t<div class=\"elementor-widget-container\">\n\t\t\t\t\t<h3 class=\"elementor-heading-title elementor-size-default\">Nos prestations en<br>COUVERTURE ?<\/h3>\t\t\t\t<\/div>\n\t\t\t\t<\/div>\n\t\t<div class=\"elementor-element elementor-element-8923194 e-grid e-con-full e-con e-child\" data-id=\"8923194\" data-element_type=\"container\">\n\t\t\t\t<div class=\"elementor-element elementor-element-9b2e335 elementor-widget elementor-widget-text-editor\" data-id=\"9b2e335\" data-element_type=\"widget\" data-widget_type=\"text-editor.default\">\n\t\t\t\t<div class=\"elementor-widget-container\">\n\t\t\t\t\t\t\t\t\t<ul>\n<li>\n<p><b>R\u00e9paration de Toitures <\/b>: Remplacement de tuiles cass\u00e9es, r\u00e9paration de fuites ou de dommages li\u00e9s aux intemp\u00e9ries.<\/p>\n<\/li>\n<\/ul>\n<ul>\n<li>\n<p><b>R\u00e9novation Compl\u00e8te<\/b> : Modernisation de votre toiture avec des mat\u00e9riaux de qualit\u00e9 : tuiles, ardoises, zinc, etc.<\/p>\n<\/li>\n<\/ul>\n<ul>\n<li>\n<p><b>\u00c9tanch\u00e9it\u00e9 et Isolation<\/b> : Am\u00e9liorez le confort de votre maison gr\u00e2ce \u00e0 une toiture bien isol\u00e9e et \u00e9tanche.<\/p>\n<\/li>\n<\/ul>\n<ul>\n<li>\n<p><b>Entretien R\u00e9gulier<\/b> : Nettoyage des toitures, d\u00e9moussage, et traitement pr\u00e9ventif contre les d\u00e9gradations.<\/p>\n<\/li>\n<\/ul>\n<ul>\n<li>\n<p><b>Recherche d\u2019Infiltrations<\/b> : Diagnostic pr\u00e9cis pour localiser et stopper les infiltrations d\u2019eau avant qu\u2019elles n\u2019endommagent votre int\u00e9rieur.<\/p>\n<\/li>\n<\/ul>\t\t\t\t\t\t\t\t<\/div>\n\t\t\t\t<\/div>\n\t\t\t\t<div class=\"elementor-element elementor-element-b390f55 elementor-widget elementor-widget-image\" data-id=\"b390f55\" data-element_type=\"widget\" data-settings=\"{&quot;_animation&quot;:&quot;none&quot;}\" data-widget_type=\"image.default\">\n\t\t\t\t<div class=\"elementor-widget-container\">\n\t\t\t\t\t\t\t\t\t\t\t\t\t\t\t<img fetchpriority=\"high\" decoding=\"async\" width=\"1024\" height=\"680\" src=\"https:\/\/www.hydrosolutions13.fr\/wp-content\/uploads\/2025\/02\/the-roof-of-the-house-against-the-blue-sky-2025-01-10-04-03-48-utc-1024x680.jpg\" class=\"attachment-large size-large wp-image-1370\" alt=\"\" srcset=\"https:\/\/www.hydrosolutions13.fr\/wp-content\/uploads\/2025\/02\/the-roof-of-the-house-against-the-blue-sky-2025-01-10-04-03-48-utc-1024x680.jpg 1024w, https:\/\/www.hydrosolutions13.fr\/wp-content\/uploads\/2025\/02\/the-roof-of-the-house-against-the-blue-sky-2025-01-10-04-03-48-utc-300x199.jpg 300w, https:\/\/www.hydrosolutions13.fr\/wp-content\/uploads\/2025\/02\/the-roof-of-the-house-against-the-blue-sky-2025-01-10-04-03-48-utc-768x510.jpg 768w, https:\/\/www.hydrosolutions13.fr\/wp-content\/uploads\/2025\/02\/the-roof-of-the-house-against-the-blue-sky-2025-01-10-04-03-48-utc-1536x1021.jpg 1536w, https:\/\/www.hydrosolutions13.fr\/wp-content\/uploads\/2025\/02\/the-roof-of-the-house-against-the-blue-sky-2025-01-10-04-03-48-utc-2048x1361.jpg 2048w\" sizes=\"(max-width: 1024px) 100vw, 1024px\" \/>\t\t\t\t\t\t\t\t\t\t\t\t\t\t\t<\/div>\n\t\t\t\t<\/div>\n\t\t\t\t<\/div>\n\t\t\t\t\t<\/div>\n\t\t\t\t<\/div>\n\t\t\t\t<div class=\"elementor-element elementor-element-06986c5 elementor-widget elementor-widget-spacer\" data-id=\"06986c5\" data-element_type=\"widget\" data-widget_type=\"spacer.default\">\n\t\t\t\t<div class=\"elementor-widget-container\">\n\t\t\t\t\t\t\t<div class=\"elementor-spacer\">\n\t\t\t<div class=\"elementor-spacer-inner\"><\/div>\n\t\t<\/div>\n\t\t\t\t\t\t<\/div>\n\t\t\t\t<\/div>\n\t\t<div class=\"elementor-element elementor-element-280507f e-con-full e-flex e-con e-child\" data-id=\"280507f\" data-element_type=\"container\" data-settings=\"{&quot;background_background&quot;:&quot;classic&quot;}\">\n\t\t\t\t<div class=\"elementor-element elementor-element-6c0339d elementor-widget elementor-widget-spacer\" data-id=\"6c0339d\" data-element_type=\"widget\" data-widget_type=\"spacer.default\">\n\t\t\t\t<div class=\"elementor-widget-container\">\n\t\t\t\t\t\t\t<div class=\"elementor-spacer\">\n\t\t\t<div class=\"elementor-spacer-inner\"><\/div>\n\t\t<\/div>\n\t\t\t\t\t\t<\/div>\n\t\t\t\t<\/div>\n\t\t\t\t<div class=\"elementor-element elementor-element-ca84501 elementor-hidden-mobile elementor-widget elementor-widget-heading\" data-id=\"ca84501\" data-element_type=\"widget\" data-widget_type=\"heading.default\">\n\t\t\t\t<div class=\"elementor-widget-container\">\n\t\t\t\t\t<h2 class=\"elementor-heading-title elementor-size-default\">Pourquoi confier votre toiture \u00e0 HYDRSOLUTIONS13 ?<\/h2>\t\t\t\t<\/div>\n\t\t\t\t<\/div>\n\t\t\t\t<div class=\"elementor-element elementor-element-0c5d092 elementor-hidden-desktop elementor-hidden-tablet elementor-widget elementor-widget-heading\" data-id=\"0c5d092\" data-element_type=\"widget\" data-widget_type=\"heading.default\">\n\t\t\t\t<div class=\"elementor-widget-container\">\n\t\t\t\t\t<h4 class=\"elementor-heading-title elementor-size-default\">Pourquoi confier votre toiture \u00e0 HYDRSOLUTIONS13 ?<\/h4>\t\t\t\t<\/div>\n\t\t\t\t<\/div>\n\t\t\t\t<div class=\"elementor-element elementor-element-6a64fc3 elementor-widget elementor-widget-spacer\" data-id=\"6a64fc3\" data-element_type=\"widget\" data-widget_type=\"spacer.default\">\n\t\t\t\t<div class=\"elementor-widget-container\">\n\t\t\t\t\t\t\t<div class=\"elementor-spacer\">\n\t\t\t<div class=\"elementor-spacer-inner\"><\/div>\n\t\t<\/div>\n\t\t\t\t\t\t<\/div>\n\t\t\t\t<\/div>\n\t\t\t\t<div class=\"elementor-element elementor-element-98f6246 elementor-widget elementor-widget-text-editor\" data-id=\"98f6246\" data-element_type=\"widget\" data-widget_type=\"text-editor.default\">\n\t\t\t\t<div class=\"elementor-widget-container\">\n\t\t\t\t\t\t\t\t\t<p>Une <strong>\u00e9quipe exp\u00e9riment\u00e9e<\/strong>, ma\u00eetrisant <strong>tous types de couvertures<\/strong>.<\/p><p>Des <strong>interventions rapides<\/strong> et <strong>s\u00e9curis\u00e9es<\/strong>, avec un respect strict des normes.<\/p><p>Un<strong> suivi personnalis\u00e9<\/strong> pour <strong>prolonger<\/strong> la <strong>dur\u00e9e de vie de votre toiture<\/strong>.<\/p><p>\u00a0<\/p><p>Besoin d\u2019une <strong>r\u00e9paration<\/strong> ou d\u2019un <strong>entretien<\/strong> ? <strong>Appelez<\/strong> le <strong>07 86 18 15 29.<\/strong><\/p><p>Envoyez-nous un <strong>email<\/strong> \u00e0 <a href=\"mailto:contact@hydrosolutions13.fr\" target=\"_blank\" rel=\"noopener\">contact@hydrosolutions13.fr<\/a>\u00a0pour un <strong>devis d\u00e9taill\u00e9<\/strong>.<\/p>\t\t\t\t\t\t\t\t<\/div>\n\t\t\t\t<\/div>\n\t\t\t\t<div class=\"elementor-element elementor-element-ab75691 elementor-widget elementor-widget-button\" data-id=\"ab75691\" data-element_type=\"widget\" data-widget_type=\"button.default\">\n\t\t\t\t<div class=\"elementor-widget-container\">\n\t\t\t\t\t\t\t\t\t<div class=\"elementor-button-wrapper\">\n\t\t\t\t\t<a class=\"elementor-button elementor-button-link elementor-size-sm\" href=\"https:\/\/www.hydrosolutions13.fr\/index.php\/contact\/\">\n\t\t\t\t\t\t<span class=\"elementor-button-content-wrapper\">\n\t\t\t\t\t\t\t\t\t<span class=\"elementor-button-text\">Contactez-nous<\/span>\n\t\t\t\t\t<\/span>\n\t\t\t\t\t<\/a>\n\t\t\t\t<\/div>\n\t\t\t\t\t\t\t\t<\/div>\n\t\t\t\t<\/div>\n\t\t\t\t<div class=\"elementor-element elementor-element-eded1ee elementor-widget elementor-widget-spacer\" data-id=\"eded1ee\" data-element_type=\"widget\" data-widget_type=\"spacer.default\">\n\t\t\t\t<div class=\"elementor-widget-container\">\n\t\t\t\t\t\t\t<div class=\"elementor-spacer\">\n\t\t\t<div class=\"elementor-spacer-inner\"><\/div>\n\t\t<\/div>\n\t\t\t\t\t\t<\/div>\n\t\t\t\t<\/div>\n\t\t\t\t<\/div>\n\t\t\t\t\t<\/div>\n\t\t\t\t<\/div>\n\t\t\t\t<\/div>\n\t\t","protected":false},"excerpt":{"rendered":"<p>Nos prestations en COUVERTURE Des solutions compl\u00e8tes pour votre toiture et votre isolation Nos prestations enCOUVERTURE ? R\u00e9paration de Toitures : Remplacement de tuiles cass\u00e9es, r\u00e9paration de fuites ou de dommages li\u00e9s aux intemp\u00e9ries. R\u00e9novation Compl\u00e8te : Modernisation de votre toiture avec des mat\u00e9riaux de qualit\u00e9 : tuiles, ardoises, zinc, etc. \u00c9tanch\u00e9it\u00e9 et Isolation :&hellip;&nbsp;<a href=\"https:\/\/www.hydrosolutions13.fr\/index.php\/couverture\/\" rel=\"bookmark\">Read More &raquo;<span class=\"screen-reader-text\">Couverture<\/span><\/a><\/p>\n","protected":false},"author":2,"featured_media":0,"parent":0,"menu_order":0,"comment_status":"closed","ping_status":"closed","template":"page-templates\/template-pagebuilder-full-width.php","meta":{"neve_meta_sidebar":"default","neve_meta_container":"default","neve_meta_enable_content_width":"on","neve_meta_content_width":100,"neve_meta_title_alignment":"","neve_meta_author_avatar":"","neve_post_elements_order":"","neve_meta_disable_header":"","neve_meta_disable_footer":"","neve_meta_disable_title":"on","_themeisle_gutenberg_block_has_review":false,"footnotes":""},"class_list":["post-1368","page","type-page","status-publish","hentry"],"_links":{"self":[{"href":"https:\/\/www.hydrosolutions13.fr\/index.php\/wp-json\/wp\/v2\/pages\/1368","targetHints":{"allow":["GET"]}}],"collection":[{"href":"https:\/\/www.hydrosolutions13.fr\/index.php\/wp-json\/wp\/v2\/pages"}],"about":[{"href":"https:\/\/www.hydrosolutions13.fr\/index.php\/wp-json\/wp\/v2\/types\/page"}],"author":[{"embeddable":true,"href":"https:\/\/www.hydrosolutions13.fr\/index.php\/wp-json\/wp\/v2\/users\/2"}],"replies":[{"embeddable":true,"href":"https:\/\/www.hydrosolutions13.fr\/index.php\/wp-json\/wp\/v2\/comments?post=1368"}],"version-history":[{"count":7,"href":"https:\/\/www.hydrosolutions13.fr\/index.php\/wp-json\/wp\/v2\/pages\/1368\/revisions"}],"predecessor-version":[{"id":1498,"href":"https:\/\/www.hydrosolutions13.fr\/index.php\/wp-json\/wp\/v2\/pages\/1368\/revisions\/1498"}],"wp:attachment":[{"href":"https:\/\/www.hydrosolutions13.fr\/index.php\/wp-json\/wp\/v2\/media?parent=1368"}],"curies":[{"name":"wp","href":"https:\/\/api.w.org\/{rel}","templated":true}]}}